{"id":22646,"date":"2023-05-29T22:42:26","date_gmt":"2023-05-29T20:42:26","guid":{"rendered":"https:\/\/notiz.blog\/?page_id=22646"},"modified":"2023-05-29T22:42:27","modified_gmt":"2023-05-29T20:42:27","slug":"appearances","status":"publish","type":"page","link":"https:\/\/notiz.blog\/appearances\/","title":{"rendered":"Appearances"},"content":{"rendered":"\n<h2 class=\"wp-block-heading\">Vortr\u00e4ge<\/h2>\n\n\n\n<p>Ich halte Vortr\u00e4ge auf <a href=\"https:\/\/notiz.blog\/tag\/barcamp\/\">BarCamps<\/a>, <a href=\"https:\/\/notiz.blog\/tag\/webmontag\/\">Webmontagen<\/a>, (<a href=\"https:\/\/notiz.blog\/tag\/wordpress+meetup\/\">WordPress<\/a>) <a href=\"https:\/\/notiz.blog\/tag\/meetup\/\">Meetups<\/a> oder <a href=\"https:\/\/notiz.blog\/tag\/wordcamp\/\">WordCamps<\/a>, meistens zu den Themen <a href=\"https:\/\/notiz.blog\/tag\/microformats\/\">Microformats<\/a>, <a href=\"https:\/\/notiz.blog\/tag\/openid\/\">OpenID<\/a>, <a href=\"https:\/\/notiz.blog\/tag\/indieweb\/\">IndieWeb<\/a> oder <a href=\"https:\/\/notiz.blog\/tag\/wordpress\/\">WordPress<\/a>.<\/p>\n\n\n\n<p><a href=\"https:\/\/notiz.blog\/speaking\/\" data-type=\"URL\" data-id=\"https:\/\/notiz.blog\/speaking\/\">Siehe alle Vortr\u00e4ge<\/a>.<\/p>\n\n\n\n<hr class=\"wp-block-separator has-alpha-channel-opacity\"\/>\n\n\n\n<h2 class=\"wp-block-heading\">Podcasts<\/h2>\n\n\n\n<p>2008 riefen Sebastian K\u00fcpers, Christian Scholz und ich den <a href=\"https:\/\/notiz.blog\/2008\/10\/20\/ich-gehe-unter-die-podcaster\/\">OpenWeb Podcast<\/a> ins leben. Bis 2011 entstanden 33 Folgen zu Themen wie OpenID, OAuth und Microformats. 2012 haben wir uns entschieden den Podcast einzustellen und uns, f\u00fcr zwei Folgen, der Technikw\u00fcrze anzuschlie\u00dfen.<\/p>\n\n\n\n<p>Seit Februar 2019 bin ich Gast bei Marcel Wei\u00df\u2018 \u201eHier und Jetzt\u201c Podcast. In regelm\u00e4\u00dfig unregelm\u00e4\u00dfigen Abst\u00e4nden (wahrscheinlich monatlich) werden wir \u00fcber das Thema \u201eOpen Web\u201c sprechen.<\/p>\n\n\n\n<p><a href=\"https:\/\/notiz.blog\/podcasts\/\" data-type=\"URL\" data-id=\"https:\/\/notiz.blog\/podcasts\/\">Ich bin au\u00dferdem regelm\u00e4\u00dfig Gast in verschiedenen anderen Podcasts.<\/a><\/p>\n","protected":false},"excerpt":{"rendered":"<p>Vortr\u00e4ge Ich halte Vortr\u00e4ge auf BarCamps, Webmontagen, (WordPress) Meetups oder WordCamps, meistens zu den Themen Microformats, OpenID, IndieWeb oder WordPress. Siehe alle Vortr\u00e4ge. Podcasts 2008 riefen Sebastian K\u00fcpers, Christian Scholz und ich den OpenWeb Podcast ins leben. Bis 2011 entstanden 33 Folgen zu Themen wie OpenID, OAuth und Microformats. 2012 haben wir uns entschieden den [&hellip;]<\/p>\n","protected":false},"author":1,"featured_media":0,"parent":0,"menu_order":0,"comment_status":"closed","ping_status":"open","template":"","meta":{"webmentions_disabled_pings":false,"webmentions_disabled":false,"footnotes":""},"class_list":["post-22646","page","type-page","status-publish","h-entry","hentry"],"_links":{"self":[{"href":"https:\/\/notiz.blog\/wp-api\/wp\/v2\/pages\/22646","targetHints":{"allow":["GET"]}}],"collection":[{"href":"https:\/\/notiz.blog\/wp-api\/wp\/v2\/pages"}],"about":[{"href":"https:\/\/notiz.blog\/wp-api\/wp\/v2\/types\/page"}],"author":[{"embeddable":true,"href":"https:\/\/notiz.blog\/wp-api\/wp\/v2\/users\/1"}],"replies":[{"embeddable":true,"href":"https:\/\/notiz.blog\/wp-api\/wp\/v2\/comments?post=22646"}],"version-history":[{"count":2,"href":"https:\/\/notiz.blog\/wp-api\/wp\/v2\/pages\/22646\/revisions"}],"predecessor-version":[{"id":22648,"href":"https:\/\/notiz.blog\/wp-api\/wp\/v2\/pages\/22646\/revisions\/22648"}],"wp:attachment":[{"href":"https:\/\/notiz.blog\/wp-api\/wp\/v2\/media?parent=22646"}],"curies":[{"name":"wp","href":"https:\/\/api.w.org\/{rel}","templated":true}]}}

<h2 class="wp-block-heading">Vorträge</h2>



<p>Ich halte Vorträge auf <a href="https://notiz.blog/tag/barcamp/">BarCamps</a>, <a href="https://notiz.blog/tag/webmontag/">Webmontagen</a>, (<a href="https://notiz.blog/tag/wordpress+meetup/">WordPress</a>) <a href="https://notiz.blog/tag/meetup/">Meetups</a> oder <a href="https://notiz.blog/tag/wordcamp/">WordCamps</a>, meistens zu den Themen <a href="https://notiz.blog/tag/microformats/">Microformats</a>, <a href="https://notiz.blog/tag/openid/">OpenID</a>, <a href="https://notiz.blog/tag/indieweb/">IndieWeb</a> oder <a href="https://notiz.blog/tag/wordpress/">WordPress</a>.</p>



<p><a href="https://notiz.blog/speaking/" data-type="URL" data-id="https://notiz.blog/speaking/">Siehe alle Vorträge</a>.</p>



<hr class="wp-block-separator has-alpha-channel-opacity"/>



<h2 class="wp-block-heading">Podcasts</h2>



<p>2008 riefen Sebastian Küpers, Christian Scholz und ich den <a href="https://notiz.blog/2008/10/20/ich-gehe-unter-die-podcaster/">OpenWeb Podcast</a> ins leben. Bis 2011 entstanden 33 Folgen zu Themen wie OpenID, OAuth und Microformats. 2012 haben wir uns entschieden den Podcast einzustellen und uns, für zwei Folgen, der Technikwürze anzuschließen.</p>



<p>Seit Februar 2019 bin ich Gast bei Marcel Weiß‘ „Hier und Jetzt“ Podcast. In regelmäßig unregelmäßigen Abständen (wahrscheinlich monatlich) werden wir über das Thema „Open Web“ sprechen.</p>



<p><a href="https://notiz.blog/podcasts/" data-type="URL" data-id="https://notiz.blog/podcasts/">Ich bin außerdem regelmäßig Gast in verschiedenen anderen Podcasts.</a></p>

<p>Vorträge Ich halte Vorträge auf BarCamps, Webmontagen, (WordPress) Meetups oder WordCamps, meistens zu den Themen Microformats, OpenID, IndieWeb oder WordPress. Siehe alle Vorträge. Podcasts 2008 riefen Sebastian Küpers, Christian Scholz und ich den OpenWeb Podcast ins leben. Bis 2011 entstanden 33 Folgen zu Themen wie OpenID, OAuth und Microformats. 2012 haben wir uns entschieden den [&hellip;]</p>
