{"id":37188,"date":"2021-02-03T22:30:00","date_gmt":"2021-02-03T21:30:00","guid":{"rendered":"https:\/\/notiz.blog\/?post_type=speaking&#038;p=37188"},"modified":"2024-10-04T22:30:59","modified_gmt":"2024-10-04T20:30:59","slug":"wordpress-und-das-open-web-indieweb","status":"publish","type":"speaking","link":"https:\/\/notiz.blog\/speaking\/wordpress-und-das-open-web-indieweb\/","title":{"rendered":"WordPress und das Open Web (IndieWeb)"},"content":{"rendered":"\n<p><a href=\"https:\/\/wpbn.de\/wpbn-no-46-wordpress-und-das-open-web-indieweb\/\" data-type=\"URL\" data-id=\"https:\/\/wpbn.de\/wpbn-no-46-wordpress-und-das-open-web-indieweb\/\">WordPress Meetup Bonn<\/a><\/p>\n\n\n\n<blockquote class=\"wp-block-quote is-layout-flow wp-block-quote-is-layout-flow\">\n<p>Wir alle betreiben eine eigene (WordPress-)Website, meist auch ein eigenes Blog. Aber ein Gro\u00dfteil unserer Interaktion l\u00e4uft trotzdem \u00fcber die \u00fcblichen soziale Netzwerke Kan\u00e4le. Nat\u00fcrlich bieten Twitter, Facebook &amp; Co. viele Vorteile im Gegensatz zu klassischen Webseiten. Schreibe ich einen Blogpost, erhalte ich kaum Resonanz, teile ich diesen Blogpost \u00fcber Twitter, erhalte ich im Durchschnitt 5 Reaktionen. Soziale Netzwerke stellen aber auch ein Risiko dar. Netzwerke werden geschlossen, Regeln k\u00f6nnen sich \u00e4ndern und man kann den Zugang zu ihnen verlieren. Warum sollten wir also nicht das Beste aus beiden Welten nutzen? Die Sicherheiten des eigenen Blogs und die Reichweite der sozialen Netze. Das IndieWeb ist eine Art \u201cWeb 2.0\u201d Revival. Im Zentrum steht die eigene Webseite und Facebook, Twitter &amp; Co. erweitern es um die soziale Komponente\u2026 und wer h\u00e4tte gedacht, dass sich mit Pingbacks dezentrale Netzwerke bauen lassen?<\/p>\n<\/blockquote>\n","protected":false},"author":1,"menu_order":0,"comment_status":"open","ping_status":"open","template":"","format":"standard","meta":{"activitypub_content_warning":"","activitypub_content_visibility":"","activitypub_max_image_attachments":4,"activitypub_interaction_policy_quote":"anyone","activitypub_status":"","footnotes":""},"tags":[],"class_list":["post-37188","speaking","type-speaking","status-publish","format-standard","h-entry","hentry"],"_links":{"self":[{"href":"https:\/\/notiz.blog\/wp-api\/wp\/v2\/speaking\/37188","targetHints":{"allow":["GET"]}}],"collection":[{"href":"https:\/\/notiz.blog\/wp-api\/wp\/v2\/speaking"}],"about":[{"href":"https:\/\/notiz.blog\/wp-api\/wp\/v2\/types\/speaking"}],"author":[{"embeddable":true,"href":"https:\/\/notiz.blog\/wp-api\/wp\/v2\/users\/1"}],"replies":[{"embeddable":true,"href":"https:\/\/notiz.blog\/wp-api\/wp\/v2\/comments?post=37188"}],"version-history":[{"count":1,"href":"https:\/\/notiz.blog\/wp-api\/wp\/v2\/speaking\/37188\/revisions"}],"predecessor-version":[{"id":37189,"href":"https:\/\/notiz.blog\/wp-api\/wp\/v2\/speaking\/37188\/revisions\/37189"}],"wp:attachment":[{"href":"https:\/\/notiz.blog\/wp-api\/wp\/v2\/media?parent=37188"}],"wp:term":[{"taxonomy":"post_tag","embeddable":true,"href":"https:\/\/notiz.blog\/wp-api\/wp\/v2\/tags?post=37188"}],"curies":[{"name":"wp","href":"https:\/\/api.w.org\/{rel}","templated":true}]}}

<p><a href="https://wpbn.de/wpbn-no-46-wordpress-und-das-open-web-indieweb/" data-type="URL" data-id="https://wpbn.de/wpbn-no-46-wordpress-und-das-open-web-indieweb/">WordPress Meetup Bonn</a></p>



<blockquote class="wp-block-quote is-layout-flow wp-block-quote-is-layout-flow">
<p>Wir alle betreiben eine eigene (WordPress-)Website, meist auch ein eigenes Blog. Aber ein Großteil unserer Interaktion läuft trotzdem über die üblichen soziale Netzwerke Kanäle. Natürlich bieten Twitter, Facebook &amp; Co. viele Vorteile im Gegensatz zu klassischen Webseiten. Schreibe ich einen Blogpost, erhalte ich kaum Resonanz, teile ich diesen Blogpost über Twitter, erhalte ich im Durchschnitt 5 Reaktionen. Soziale Netzwerke stellen aber auch ein Risiko dar. Netzwerke werden geschlossen, Regeln können sich ändern und man kann den Zugang zu ihnen verlieren. Warum sollten wir also nicht das Beste aus beiden Welten nutzen? Die Sicherheiten des eigenen Blogs und die Reichweite der sozialen Netze. Das IndieWeb ist eine Art “Web 2.0” Revival. Im Zentrum steht die eigene Webseite und Facebook, Twitter &amp; Co. erweitern es um die soziale Komponente… und wer hätte gedacht, dass sich mit Pingbacks dezentrale Netzwerke bauen lassen?</p>
</blockquote>
