{"id":37198,"date":"2016-09-03T22:33:00","date_gmt":"2016-09-03T20:33:00","guid":{"rendered":"https:\/\/notiz.blog\/?post_type=speaking&#038;p=37198"},"modified":"2024-10-04T22:35:43","modified_gmt":"2024-10-04T20:35:43","slug":"indiewordpress-2","status":"publish","type":"speaking","link":"https:\/\/notiz.blog\/speaking\/indiewordpress-2\/","title":{"rendered":"IndieWordPress"},"content":{"rendered":"\n<p><a href=\"https:\/\/frankfurt.wordcamp.org\/2016\/\">WordCamp Frankfurt<\/a><\/p>\n\n\n\n<figure class=\"wp-block-embed alignwide is-type-video is-provider-wordpress-tv wp-block-embed-wordpress-tv wp-embed-aspect-16-9 wp-has-aspect-ratio\"><div class=\"wp-block-embed__wrapper\">\n\t\t<div class=\"embed-privacy-container is-disabled embed-wordpress-tv\" data-embed-id=\"oembed_33ccc7f9682d8d44f02f14785fe45b1c\" data-embed-provider=\"wordpress-tv\" style=\"background-image: url(https:\/\/notiz.blog\/wp-content\/uploads\/embed-privacy\/thumbnails\/wordpress-tv-cqbKksbH.jpg?ver=1.12.3); aspect-ratio: 700\/394;\">\t\t\t\t\t\t<button type=\"button\" class=\"embed-privacy-enable screen-reader-text\">\u201eVideoPress Video Player\u201c von WordPress.tv anzeigen<\/button>\t\t\t\t\t\t<div class=\"embed-privacy-overlay\">\t\t\t\t<div class=\"embed-privacy-inner\">\t\t\t\t\t<div class=\"embed-privacy-logo\" style=\"background-image: url(https:\/\/notiz.blog\/wp-content\/plugins\/embed-privacy\/assets\/images\/embed-wordpress-tv.png?ver=1.12.3);\"><\/div>\t\t<p>\t\tHier klicken, um den Inhalt von WordPress.tv anzuzeigen.\t\t\t\t\t<br>\t\t\t\t\tErfahre mehr in der <a href=\"https:\/\/de.wordpress.org\/about\/privacy\/\" target=\"_blank\">Datenschutzerkl\u00e4rung von WordPress.tv<\/a>.\t\t<\/p>\t\t<p class=\"embed-privacy-input-wrapper\">\t\t\t<input id=\"embed-privacy-store-wordpress-tv-33ccc7f9682d8d44f02f14785fe45b1c\" type=\"checkbox\" value=\"1\" class=\"embed-privacy-input\" data-embed-provider=\"wordpress-tv\">\t\t\t<label for=\"embed-privacy-store-wordpress-tv-33ccc7f9682d8d44f02f14785fe45b1c\" class=\"embed-privacy-label\" data-embed-provider=\"wordpress-tv\">\t\t\t\tInhalt von WordPress.tv immer anzeigen\t\t\t<\/label>\t\t<\/p>\t\t\t\t\t\t<\/div>\t\t\t\t\t\t\t\t<div class=\"embed-privacy-footer\"><span class=\"embed-privacy-url\"><a href=\"https:\/\/wordpress.tv\/2016\/09\/06\/matthias-pfefferle-indiewordpress\/\">\u201eVideoPress Video Player\u201c direkt \u00f6ffnen<\/a><\/span><\/div>\t\t\t<\/div>\t\t\t\t\t\t<div class=\"embed-privacy-content\">\t\t\t\t<script>var _oembed_33ccc7f9682d8d44f02f14785fe45b1c = '{\\\"embed\\\":\\\"&lt;iframe title=&quot;VideoPress Video Player&quot; aria-label=&#039;VideoPress Video Player&#039; width=&#039;700&#039; height=&#039;394&#039; src=&#039;https:\\\\\/\\\\\/video.wordpress.com\\\\\/embed\\\\\/cqbKksbH?hd=1&amp;amp;cover=1&#039; frameborder=&#039;0&#039; allowfullscreen allow=&#039;clipboard-write&#039;&gt;&lt;\\\\\/iframe&gt;&lt;script src=&#039;https:\\\\\/\\\\\/v0.wordpress.com\\\\\/js\\\\\/next\\\\\/videopress-iframe.js?m=1770107250&#039;&gt;&lt;\\\\\/script&gt;\\\"}';<\/script>\t\t\t<\/div>\t\t<\/div>\t\t\n<\/div><\/figure>\n\n\n\n<blockquote class=\"wp-block-quote is-layout-flow wp-block-quote-is-layout-flow\">\n<p>Soziale Netzwerke haben meistens nur eine begrenzte Lebenszeit. Posterous wurde von Twitter gekauft und eingestellt, Google Buzz durch Google Plus ersetzt und MySpace hat seine Blogging-Plattform geschlossen. Alleine mit Geocities wurden 2009 knapp 23 Millionen Seiten unwiderruflich vom Netz genommen. Jeder dieser Schritte ist mit einem Datenverlust verbunden. Die IndieWeb Bewegung versucht diesem Trend entgegen zu wirken. Inhalte werden nur noch auf der eigenen Seite ver\u00f6ffentlicht und erst dann \u00fcber die Socialen Netzwerke geteilt. Aber nicht nur Artikel, sondern auch Bilder, Videos und Kommentare. WordPress bietet ideale Voraussetzungen um sich unabh\u00e4ngig von den sozialen Medien zu machen und dennoch dessen Vorteile und Reichweite zu nutzen. Welche M\u00f6glichkeiten gibt es aktuell, um Inhalte automatisch zu teilen oder Reaktionen im Netz einzusammeln und wie l\u00e4sst sich mit WordPress eine Art dezentrales Social Network bauen.<\/p>\n<\/blockquote>\n","protected":false},"author":1,"menu_order":0,"comment_status":"open","ping_status":"open","template":"","format":"video","meta":{"activitypub_content_warning":"","activitypub_content_visibility":"","activitypub_max_image_attachments":4,"activitypub_interaction_policy_quote":"anyone","activitypub_status":"","footnotes":""},"tags":[],"class_list":["post-37198","speaking","type-speaking","status-publish","format-video","h-entry","hentry"],"_links":{"self":[{"href":"https:\/\/notiz.blog\/wp-api\/wp\/v2\/speaking\/37198","targetHints":{"allow":["GET"]}}],"collection":[{"href":"https:\/\/notiz.blog\/wp-api\/wp\/v2\/speaking"}],"about":[{"href":"https:\/\/notiz.blog\/wp-api\/wp\/v2\/types\/speaking"}],"author":[{"embeddable":true,"href":"https:\/\/notiz.blog\/wp-api\/wp\/v2\/users\/1"}],"replies":[{"embeddable":true,"href":"https:\/\/notiz.blog\/wp-api\/wp\/v2\/comments?post=37198"}],"version-history":[{"count":1,"href":"https:\/\/notiz.blog\/wp-api\/wp\/v2\/speaking\/37198\/revisions"}],"predecessor-version":[{"id":37199,"href":"https:\/\/notiz.blog\/wp-api\/wp\/v2\/speaking\/37198\/revisions\/37199"}],"wp:attachment":[{"href":"https:\/\/notiz.blog\/wp-api\/wp\/v2\/media?parent=37198"}],"wp:term":[{"taxonomy":"post_tag","embeddable":true,"href":"https:\/\/notiz.blog\/wp-api\/wp\/v2\/tags?post=37198"}],"curies":[{"name":"wp","href":"https:\/\/api.w.org\/{rel}","templated":true}]}}

<p><a href="https://frankfurt.wordcamp.org/2016/">WordCamp Frankfurt</a></p>



<figure class="wp-block-embed alignwide is-type-video is-provider-wordpress-tv wp-block-embed-wordpress-tv wp-embed-aspect-16-9 wp-has-aspect-ratio"><div class="wp-block-embed__wrapper">
		<div class="embed-privacy-container is-disabled embed-wordpress-tv" data-embed-id="oembed_33ccc7f9682d8d44f02f14785fe45b1c" data-embed-provider="wordpress-tv" style="background-image: url(https://notiz.blog/wp-content/uploads/embed-privacy/thumbnails/wordpress-tv-cqbKksbH.jpg?ver=1.12.3); aspect-ratio: 700/394;">						<button type="button" class="embed-privacy-enable screen-reader-text">„VideoPress Video Player“ von WordPress.tv anzeigen</button>						<div class="embed-privacy-overlay">				<div class="embed-privacy-inner">					<div class="embed-privacy-logo" style="background-image: url(https://notiz.blog/wp-content/plugins/embed-privacy/assets/images/embed-wordpress-tv.png?ver=1.12.3);"></div>		<p>		Hier klicken, um den Inhalt von WordPress.tv anzuzeigen.					<br>					Erfahre mehr in der <a href="https://de.wordpress.org/about/privacy/" target="_blank">Datenschutzerklärung von WordPress.tv</a>.		</p>		<p class="embed-privacy-input-wrapper">			<input id="embed-privacy-store-wordpress-tv-33ccc7f9682d8d44f02f14785fe45b1c" type="checkbox" value="1" class="embed-privacy-input" data-embed-provider="wordpress-tv">			<label for="embed-privacy-store-wordpress-tv-33ccc7f9682d8d44f02f14785fe45b1c" class="embed-privacy-label" data-embed-provider="wordpress-tv">				Inhalt von WordPress.tv immer anzeigen			</label>		</p>						</div>								<div class="embed-privacy-footer"><span class="embed-privacy-url"><a href="https://wordpress.tv/2016/09/06/matthias-pfefferle-indiewordpress/">„VideoPress Video Player“ direkt öffnen</a></span></div>			</div>						<div class="embed-privacy-content">				<script>var _oembed_33ccc7f9682d8d44f02f14785fe45b1c = '{\"embed\":\"&lt;iframe title=&quot;VideoPress Video Player&quot; aria-label=&#039;VideoPress Video Player&#039; width=&#039;700&#039; height=&#039;394&#039; src=&#039;https:\\/\\/video.wordpress.com\\/embed\\/cqbKksbH?hd=1&amp;amp;cover=1&#039; frameborder=&#039;0&#039; allowfullscreen allow=&#039;clipboard-write&#039;&gt;&lt;\\/iframe&gt;&lt;script src=&#039;https:\\/\\/v0.wordpress.com\\/js\\/next\\/videopress-iframe.js?m=1770107250&#039;&gt;&lt;\\/script&gt;\"}';</script>			</div>		</div>		
</div></figure>



<blockquote class="wp-block-quote is-layout-flow wp-block-quote-is-layout-flow">
<p>Soziale Netzwerke haben meistens nur eine begrenzte Lebenszeit. Posterous wurde von Twitter gekauft und eingestellt, Google Buzz durch Google Plus ersetzt und MySpace hat seine Blogging-Plattform geschlossen. Alleine mit Geocities wurden 2009 knapp 23 Millionen Seiten unwiderruflich vom Netz genommen. Jeder dieser Schritte ist mit einem Datenverlust verbunden. Die IndieWeb Bewegung versucht diesem Trend entgegen zu wirken. Inhalte werden nur noch auf der eigenen Seite veröffentlicht und erst dann über die Socialen Netzwerke geteilt. Aber nicht nur Artikel, sondern auch Bilder, Videos und Kommentare. WordPress bietet ideale Voraussetzungen um sich unabhängig von den sozialen Medien zu machen und dennoch dessen Vorteile und Reichweite zu nutzen. Welche Möglichkeiten gibt es aktuell, um Inhalte automatisch zu teilen oder Reaktionen im Netz einzusammeln und wie lässt sich mit WordPress eine Art dezentrales Social Network bauen.</p>
</blockquote>
